{"id":387,"date":"2020-08-21T12:54:31","date_gmt":"2020-08-21T11:54:31","guid":{"rendered":"http:\/\/jonlokenacupuncture.co.uk\/?page_id=387"},"modified":"2020-08-21T13:16:53","modified_gmt":"2020-08-21T12:16:53","slug":"om-meg","status":"publish","type":"page","link":"https:\/\/jonlokenacupuncture.co.uk\/index.php\/om-meg\/","title":{"rendered":"Om meg"},"content":{"rendered":"Jeg har en BSc grad i Akupunktur fra Northern College of Acupuncture i York, England og er medlem av British Acupuncture Council (BAcC). Jeg er oppl\u00e6rt i Kinesisk og Vestlig Medisin, inkludert anatomi, fysiologi og patologi (3600 timer p\u00e5 skolebenken). <br><br>\r\n\r\nJeg har v\u00e6rt interessert i Kinesisk Medisin, og Kina, i over 20 \u00e5r, og har bodd der i nesten 4 \u00e5r. Det er fascinerende hvordan Kineserene forklarer tilstanden i kroppen. De bruker faktisk de samme konsepter p\u00e5 \u00e5 forklare tilstanden i kroppen som den i naturen. Ordforr\u00e5det inkluderer adjektiver som &#8216;Kulde&#8217;, &#8216;Varme&#8217;, &#8216;Fuktighet&#8217;, &#8216;T\u00f8rke&#8217;. For \u00e5 ta et enkelt eksempel, hvis kroppen er for &#8216;varm&#8217; for lenge, kan det f\u00f8re til at kroppen kjennes litt &#8216;t\u00f8rr&#8217; ut, og dette kan vi utslag som forstoppelse. Det blir selvforklarende og lett \u00e5 forst\u00e5. Det ideelle er at kroppen er i balanse, hverken for varm eller kald, for fuktig eller for t\u00f8rr. Yin og Yang b\u00f8r v\u00e6re i balanse. Akupunktur kan bidra til dette. <br><br>\r\n\r\nJeg er ogs\u00e5 en MSc i Kybernetikk (Control Systems). Dette er et fag der matematikk blir brukt til \u00e5 forklare hvordan (dynamiske) systemer fungerer, for eksempel i industrien, finans, biologi. <br>\r\nJeg er ogs\u00e5 en software utvikler. Som du ser, er flere sider p\u00e5 denne web portalen p\u00e5 engelsk. Noe av dette er nyttig for akupunkt\u00f8rer i utlandet.   \r\n<br><br>\r\n\r\n\r\n","protected":false},"excerpt":{"rendered":"Jeg har en BSc grad i Akupunktur fra Northern College of Acupuncture i York, England og er medlem av British Acupuncture Council (BAcC). Jeg er oppl\u00e6rt i Kinesisk og Vestlig Medisin, inkludert anatomi, fysiologi og patologi (3600 timer p\u00e5 skolebenken). Jeg har v\u00e6rt interessert i Kinesisk Medisin, og Kina, i over 20 \u00e5r, og har [&hellip;]","protected":false},"author":1,"featured_media":0,"parent":0,"menu_order":0,"comment_status":"closed","ping_status":"closed","template":"","meta":{"footnotes":""},"class_list":["post-387","page","type-page","status-publish","hentry"],"_links":{"self":[{"href":"https:\/\/jonlokenacupuncture.co.uk\/index.php\/wp-json\/wp\/v2\/pages\/387"}],"collection":[{"href":"https:\/\/jonlokenacupuncture.co.uk\/index.php\/wp-json\/wp\/v2\/pages"}],"about":[{"href":"https:\/\/jonlokenacupuncture.co.uk\/index.php\/wp-json\/wp\/v2\/types\/page"}],"author":[{"embeddable":true,"href":"https:\/\/jonlokenacupuncture.co.uk\/index.php\/wp-json\/wp\/v2\/users\/1"}],"replies":[{"embeddable":true,"href":"https:\/\/jonlokenacupuncture.co.uk\/index.php\/wp-json\/wp\/v2\/comments?post=387"}],"version-history":[{"count":5,"href":"https:\/\/jonlokenacupuncture.co.uk\/index.php\/wp-json\/wp\/v2\/pages\/387\/revisions"}],"predecessor-version":[{"id":396,"href":"https:\/\/jonlokenacupuncture.co.uk\/index.php\/wp-json\/wp\/v2\/pages\/387\/revisions\/396"}],"wp:attachment":[{"href":"https:\/\/jonlokenacupuncture.co.uk\/index.php\/wp-json\/wp\/v2\/media?parent=387"}],"curies":[{"name":"wp","href":"https:\/\/api.w.org\/{rel}","templated":true}]}}